r**2 + 2 + 2 + 5*r - 3. List the prime factors of g(-6).
11
Suppose 4*a + 4*m = 132, -4*m + 45 + 13 = 2*a. Let l(h) = h**3 + 12*h**2 + 14*h - 4. Let n be l(-10). Let f = n - a. List the prime factors of f.
19
Let u(p) = 11*p**2 - 10 + p**3 + 4 + 9. What are the prime factors of u(-11)?
3
Let k(o) = o**3 + 8*o**2 + 7*o + 2. Let b be k(-7). Suppose 4*j + q = 4*q + 64, 3*j = b*q + 49. What are the prime factors of j?
19
Let k(h) = 2*h**2 + 5*h + 11. What are the prime factors of k(-5)?
2, 3
Suppose -l - 4*d + 3 = 0, -d - 45 = -5*l - 6*d. Suppose -2*r = -4*y + 4, 4*r - 6*y + l = -y. Let w(f) = -f**2 - 6*f - 2. List the prime factors of w(r).
2, 3
Let s = 1 + -2. Let k be 0 + 2*s - -18. Let w = k + -7. List the prime factors of w.
3
Suppose 129 + 76 = 5*r. Suppose 2*v = v + x + r, 2*v = 5*x + 91. List the prime factors of v.
2, 19
Suppose 0 = -2*a + a + 15. What are the prime factors of 0 + 21 + (-15)/a?
2, 5
Let b be 6*(-1 + 10/6). Suppose 5*c + 2*u + 124 = 0, 2*c - 2*u - 52 = b*c. What are the prime factors of -2*(-1)/(-4)*c?
2, 3
Let d = -21 + 21. Suppose d = -0*h - h + 4, 3*h = 3*a - 3. List the prime factors of a.
5
Let b(o) = o + 2. Let f be b(-4). Let r be 0 + -1 - (f + 2). What are the prime factors of 5*r*(-6)/15?
2
Let s(b) = -8*b**2 - 2*b + 1. Let x be s(1). Let u be -4 - 3/(x/6). What are the prime factors of 9/(-1 + u) - -14?
11
Let q = -1 + 52. Suppose 17*g - 16*g - q = 0. List the prime factors of g.
3, 17
Let d = -834 - -530. What are the prime factors of d/12*3/(-2)?
2, 19
Let j = -15 + 22. Suppose c - f - 4 = 1, 0 = -c - 2*f - 4. Suppose -c*q + j*q = 40. What are the prime factors of q?
2
Let b(a) = -2*a - 5 + 0*a + a. List the prime factors of b(-7).
2
Let y = 48 + -28. List the prime factors of y.
2, 5
Suppose -32 = 5*b - 127. List the prime factors of b.
19
Suppose r - 10 = 4*x - 0, -1 = -3*x + 5*r. Let y(w) = 2*w**2 + w - 2. What are the prime factors of y(x)?
13
Let k(r) = 2*r**3 - r**2 + 2*r - 11. What are the prime factors of k(5)?
2, 7
Let v(j) = j + 19. What are the prime factors of v(10)?
29
Let v(g) = -g - 1. Let c be v(-2). Suppose -4*j + 9 = c. List the prime factors of j.
2
Suppose -7*j + 305 = -2*j. What are the prime factors of j?
61
What are the prime factors of ((-4)/4)/(-3 - 844/(-282))?
3, 47
Suppose -5*u = 0, -3*u + 2*u + 4 = 2*v. Suppose 0 = -3*b - v*b + 20. Suppose -18 = -b*q - 2. What are the prime factors of q?
2
Let h = 6 + -6. Suppose h*v + 4*d = 2*v, 5*v = -3*d + 13. List the prime factors of v.
2
Let z(t) = 22*t**2 - t - 4. List the prime factors of z(2).
2, 41
List the prime factors of (-3)/6 + 47/2.
23
Let f(w) = -w**2 - 3*w. Let z be f(-4). List the prime factors of 264/60 - z/(-10).
2
Let k = -46 + -6. Let g = -34 - k. What are the prime factors of g?
2, 3
Let j(f) = -f**2 - 10*f + 5. Let n(v) = v. Let m(k) = j(k) + 5*n(k). List the prime factors of m(-5).
5
Suppose 6*f + 64 = 4*p + 5*f, 3*p = f + 48. List the prime factors of p.
2
Let d(a) = a**3 - 8*a**2 + 6*a - 3. Let p = 21 - 13. List the prime factors of d(p).
3, 5
Suppose 0 = -2*g - x + 97, 0 = -x - 0*x + 1. What are the prime factors of g?
2, 3
Let o = 20 - -149. What are the prime factors of o?
13
Let l = 17 - 2. What are the prime factors of l?
3, 5
Let j(x) be the second derivative of 7*x**3/6 + 3*x. List the prime factors of j(1).
7
Let y = 10 + 6. List the prime factors of y.
2
Let t = 22 - 16. Suppose -4*q = -t*q + 20. What are the prime factors of q?
2, 5
Suppose g + g + 3*q - 9 = 0, 2*g - q = -3. List the prime factors of -1 - (1 - (34 + g)).
2
Let x(y) be the third derivative of 3*y**4/8 - y**3/3 - 5*y**2. What are the prime factors of x(4)?
2, 17
Suppose 82*i - 1248 = 76*i. What are the prime factors of i?
2, 13
Let d = 86 + -37. What are the prime factors of d?
7
Let k(t) = -39*t - 14. List the prime factors of k(-3).
103
Suppose 6*j - 9 = w + 2*j, 4*w = -4*j + 24. Suppose 5*t - 35 = w*s + 19, -3*t = 5*s - 46. What are the prime factors of t?
2, 3
What are the prime factors of (-10 + 0)*(-13 - -7)?
2, 3, 5
List the prime factors of 2/(-4) - (-261)/6.
43
Let m(r) = r**2 + 3*r - 6. Let x(p) = -7*p**2 + 1. Let k be x(-1). List the prime factors of m(k).
2, 3
List the prime factors of (-3)/(-2) + (-75)/(-6).
2, 7
Let r(w) = w**2 + 7*w + 3. List the prime factors of r(-9).
3, 7
Suppose 3*k = 4*i - 72, -2*i + 3*k + 51 = i. What are the prime factors of 2/4*(5 + i)?
13
Suppose q = -2*q - 42. Let o = -4 - q. What are the prime factors of o?
2, 5
Suppose 0 = 3*a + 4*n + 13, -4*n = -2*a + 10 + 8. Suppose -5*r = 3*c - 37, c = 4*r - a + 2. List the prime factors of c.
3
What are the prime factors of (-4296)/(-33) + (-2)/11?
2, 5, 13
Let k be 94/18 - 2/9. List the prime factors of (-68)/2*k/(-5).
2, 17
Let d = 339 - 201. What are the prime factors of d?
2, 3, 23
Suppose 0*f - 4*f = -120. What are the prime factors of (-4)/((-8)/f) - -1?
2
Let j = 10 + -11. Let c(m) = -m + 3. Let l be c(6). Let k = j - l. List the prime factors of k.
2
Suppose 0*b + 3*b = 3*h - 54, 3*b + 2*h + 49 = 0. Let z = 32 + b. What are the prime factors of z?
3, 5
Suppose u + 14 = 12. Let d(j) = 3*j**3 - 4*j**2 - 7*j. Let x(v) = -2*v**3 + 2*v**2 + 4*v. Let s(r) = 4*d(r) + 7*x(r). What are the prime factors of s(u)?
2
Let t(f) = 2*f. Let c be t(-5). Let p be (36/10)/((-4)/c). Let x = p + -4. List the prime factors of x.
5
Let f(n) = 4*n - 11*n + 4*n - 6. Suppose -2*t - 15 = t. List the prime factors of f(t).
3
Let j = -5 - -8. Suppose 0 = -3*w - 12, w + 0*w - 56 = -j*s. What are the prime factors of s?
2, 5
Let f(a) = a**3 + 1. Let j be f(-1). Let o(r) = r**2 + 5*r - 4. Let g be o(-6). Suppose j = c + g - 10. List the prime factors of c.
2
Let w be 3/(-9) + 7/3. Suppose -1 = w*a - 7. Suppose -6*o = -a*o - 12. What are the prime factors of o?
2
Let s(n) = n**2 + 12*n + 10. Let y be s(-10). Let k = -8 - y. Let z = 6 - k. What are the prime factors of z?
2
Let u(f) = f + 49. List the prime factors of u(-20).
29
What are the prime factors of 64 - 1*(-4)/2?
2, 3, 11
Let w(b) = -8*b + 8*b**2 + b**3 + 9*b + 0*b - 3 - 3. List the prime factors of w(-7).
2, 3
List the prime factors of 10/10 - 1/(3/(-624)).
11, 19
Let o be (3 - 4/1) + 1. Let a be (-78)/9*-3 + o. Let d = a + -13. What are the prime factors of d?
13
Let r(k) = 0*k + 1 + 4 + 2*k**2 - 2*k - 2. List the prime factors of r(3).
3, 5
Suppose 107 = 3*b + 4*a, b = -3*b + 2*a + 106. Let f = 0 + b. What are the prime factors of f?
29
Let i = 57 + 96. What are the prime factors of i?
3, 17
Suppose 3*u - 9 = -3. Suppose 3*o = u*y + 3*y + 54, 1 = o + 4*y. What are the prime factors of o?
13
Let q = 16 - 9. Suppose -83 + q = -2*s. What are the prime factors of s?
2, 19
Let p be 1*5 - 0/1. Suppose p*o - 8 = o. Suppose -u - 5*y + 21 = -o*u, -u - y + 9 = 0. What are the prime factors of u?
2
Let d(p) = 6*p + 35. Let y(b) = -b - 7. Let v(z) = -2*d(z) - 11*y(z). Let j = -1 - -6. What are the prime factors of v(j)?
2
Let k be 33*(1 - (-6)/(-9)). Suppose 4*g - k = -3. List the prime factors of g.
2
Let l = 110 + -75. Suppose -5*u = 0, 0 = r - 3*u + 5*u - l. What are the prime factors of r?
5, 7
Suppose -4*q + 10 = -10. Suppose 27 - 2 = q*r. List the prime factors of r.
5
Suppose 4*a - 6*a + 100 = 0. Suppose -5*d + 15 = -a. What are the prime factors of d?
13
Let h(g) = -6*g - 5. Let z(m) = -m - 1. Let w(l) = -h(l) + 5*z(l). List the prime factors of w(2).
2
Let f(w) = w**3 + 17*w**2 - 9*w - 1. List the prime factors of f(-17).
2, 19
Let l(u) = -u**2 + 14*u - 11. List the prime factors of l(6).
37
Let w(q) = -q - 13. Let c be w(-10). List the prime factors of 4*-14*c/12.
2, 7
Let k = -85 - -262. What are the prime factors of k?
3, 59
Let u = 17 + -12. Suppose 3*z = -2*n + 4*n + u, -5*n + 50 = 5*z. Let j = 0 + n. What are the prime factors of j?
5
Let k be 1 + 1 + -10 + 2. Let m(c) = -3*c - 1. What are the prime factors of m(k)?
17
Suppose 2 + 2 = g. Suppose -5*k = g*o + 31 - 132, 2*k = -2*o + 42. What are the prime factors of k?
17
Let f(l) = 2*l + 1. Let s(c) = 4*c**2. Let x be s(-1). What are the prime factors of f(x)?
3
Let l(f) = -f**3 + 4*f**2 + 2*f - 1. Let x(b) = 6*b**2 - 2*b + 2. Let t be x(2). Suppose 4*i - t = 3*v, -5 = -4*i + v + 13. List the prime factors of l(i).
7
Let x = -2 - -2. Suppose -2*t + 2 = 0, 2*l - 3 = t - x. 